{"id":1809,"date":"2026-01-24T15:37:13","date_gmt":"2026-01-24T14:37:13","guid":{"rendered":"https:\/\/talab.se\/?page_id=1809"},"modified":"2026-01-24T15:37:13","modified_gmt":"2026-01-24T14:37:13","slug":"seilmakerslekten","status":"publish","type":"page","link":"https:\/\/talab.se\/?page_id=1809","title":{"rendered":"Seilmakerslekten"},"content":{"rendered":"<h1>Seilmager Christiansen<\/h1>\n<p style=\"font-weight: 400;\">\n<p style=\"font-weight: 400;\">Michael Christian Christiansen f\u00f6ddes den 8 september 1824 i Larvik. F\u00f6r\u00e4ldrarna var Seilmager Abraham Christiansen och Inger Marie Christophersdatter fr\u00e5n Stavern. Senare kallade Michael Christian sig bara Christian, flyttade till Krager\u00f6 och blev Seilmager som sin far. Christian hade en yngre bror Peter Anthon Christiansen, som blev Seilmager i Sandefjord.<\/p>\n<p style=\"font-weight: 400;\">\n<p style=\"font-weight: 400;\">Vi vet inte mycket om uppv\u00e4xt och ungdom i seilmagerfamiljen, men sannolikt bodde de i Fredriksv\u00e4rn, orlogshamnen vid Larvik. D\u00e4r h\u00e4rskade milit\u00e4ra f\u00f6rh\u00e5llanden och de som arbetade d\u00e4r b\u00e5de civila och milit\u00e4rer kom fr\u00e5n alla Europas h\u00f6rn.<\/p>\n<p style=\"font-weight: 400;\">\n<p style=\"font-weight: 400;\">Christian gifte sig med Karen Kristine Andreasdatter fr\u00e5n Nevlunghavn och fick f\u00f6rst Inger Marie i 1851, Maren Andrea i 1854, Karel Adolf i 1860 och slutligen Anna Matilda i 1864. Detta \u00e4r de barnen vi k\u00e4nner till. I 1864 var Karen Kristine 40 \u00e5r gammal, s\u00e5 hon kanske inte fick flera barn. Hon var f\u00f6dd den 18 februari 1824 i Nevlunghavn. Hennes f\u00f6r\u00e4ldrar var Andreas Johnsen och Maren Olsdatter. Vi vet f\u00f6r n\u00e4rvarande inte s\u00e5 mycket mer om dessa \u00e4n att de var fiskare och sj\u00f6m\u00e4n, flera i sl\u00e4kten var ocks\u00e5 lotsar<\/p>\n<p style=\"font-weight: 400;\">\n<p style=\"font-weight: 400;\">Av Christians barn vet vi att Inger Marie gifte sig med Karl Fredrik Johansen, son till Skomakarm\u00e4staren Johan Fredrik Johannesen och Karen Marie Marconini. Inger Marie och Karl Fredrik fick fyra barn, Kaja, Johan Fredrik, Kally och Charles. Johan Fredrik gifte sig ju sedermera med Ingeborg T\u00e5nevik och fick barnen, Bredo, Svanhild och Karl.<\/p>\n<p style=\"font-weight: 400;\">\n<p style=\"font-weight: 400;\">Christians \u00f6vriga barn vet vi inte mycket om, men i \u00e5r 1900 var han \u00e4nkeman och bodde i<\/p>\n<p style=\"font-weight: 400;\">Krager\u00f6 med sin dotter Maren Andrea som d\u00e5 hette Iversen i efternamn. Hon var \u00e4nka med en 16 \u00e5rig son, Ragnval Iversen. I samma hus bor en familj till, en dansk sj\u00f6mand, J\u00f6rgen J\u00f6rgensen, gift med en 22 \u00e5rig kvinna med namn Karen Kerstine. Mycket talar f\u00f6r att det \u00e4r en dotter till Maren Andera som hon har givit sin mors f\u00f6rnamn. Det var mycket vanligt att man gjorde s\u00e5. Karen Kerstine och Styrman J\u00f8rgen J\u00f8rgensen hade tv\u00e5 barn, Hedvig Elvira f\u00f6dd 1898 och Anker Tidemand f\u00f6dd 1899.<\/p>\n<p style=\"font-weight: 400;\">\n<p style=\"font-weight: 400;\">Som tidigare n\u00e4mnt s\u00e5 gifte sig Inger Marie Christiansen med Karl Fredrik Johansen. Karl Fredrik var son till Skomakerm\u00e4staren Johan Fredrik Johannesen och Karen Marie Marconini. Karen Maries bakgrund framg\u00e5r av det som skrivits om familjen Marconini, men det kan vara v\u00e4rt att n\u00e4mna n\u00e5gra ord om Johan Fredrik ocks\u00e5.<\/p>\n<p style=\"font-weight: 400;\">\n<p style=\"font-weight: 400;\">Johan Fredrik var f\u00f6dd 1815 som o\u00e4kta barn till Matros Johannes Hansen fr\u00e5n Christiansand och pigan Ragna Marie Larsdatter. N\u00e4r Johan Fredrik d\u00f6ps s\u00e5 uppges det i kyrkoboken att matrosen Johannes Hansen hade &#8221;d\u00f6tt \u00e5ret innan p\u00e5 reisen&#8221;. Vittnen vid dopet var Karen Kristine Larsdatter, Malene Hansdatter, Anders Arnesen, Sven Pedersen och Johan Fredrik Hansen.<\/p>\n<p style=\"font-weight: 400;\">\n<p style=\"font-weight: 400;\">Av namnen kan man utl\u00e4sa att Karen Kristine Larsdatter sannolikt \u00e4r syster till Ragna Marie, att Malene Hansdatter kanske \u00e4r en syster till Johan Fredrik, men mest intressant \u00e4r kanske att Johan Fredrik Hansen kan vara en bror till Johannes. Att barnet f\u00e5r samma namn kan vara ett indisium p\u00e5 detta. Den \u00e4nda Johan Fredrik Hansen i folkr\u00e4kningen f\u00f6r 1801 \u00e4r son till biskopen i Christiansand Peder Hansen. Peder Hansen var gift f\u00f6r tredje g\u00e5ng. I hush\u00e5llet finns det i 1801 tv\u00e5 tj\u00e4nsteflickor, Anne 34 \u00e5r, Engel 24 \u00e5r, b\u00e5da\u00a0\u00a0med efternamnet Larsdatter.<\/p>\n<p style=\"font-weight: 400;\">\n<p style=\"font-weight: 400;\">I 1801 \u00e5rs folkr\u00e4kning finns det ocks\u00e5 en Johannes Hanssen som d\u00e5 \u00e4r 21 \u00e5r och g\u00e5r i l\u00e4ra hos en skomakare. I \u00f6vrigt finns inga upplysningar om honom. Han \u00e4r givetvis ocks\u00e5 en kandidat till faderskapet. Han d\u00e5 skulle varit 35 \u00e5r gammal n\u00e4r han dog i 1814. Att sonen Johan Fredrik sedan blev skomakare \u00e4r ju intressant i sammanhanget. Allt kan dock vara tillf\u00e4lligheter.<\/p>\n<p style=\"font-weight: 400;\">\n<p style=\"font-weight: 400;\">Inger Marie Christiansen och Karl Fredrik Johansen fick fyra barn, Kaja f\u00f6dd 1878 i Krager\u00f6, Johan Fredrik f\u00f6dd 1885 i Krager\u00f6, Kally f\u00f6dd 1887 i Krager\u00f6 och Charles f\u00f6dd 1894 i Kristiansand.<\/p>\n<p style=\"font-weight: 400;\">Kaja gifte sig Fisk\u00e5 och hade kolonialbutik p\u00e5 Lund i Kristiansand. P\u00e5 bilden syns Kaja till v\u00e4nster och sannolikt hennes mor Inger Marie till h\u00f6ger.<\/p>\n<p style=\"font-weight: 400;\">\n<p style=\"font-weight: 400;\">Det s\u00e4gs att Inger Marie och hennes make Karl Fredrik skall ha haft det gott st\u00e4llt och \u00e4gt fastigheter i Kristiansand och \u00e4ven ett par mindre \u00f6ar utanf\u00f6r Kuholmen. Inge Marie skall ha avlidit i Amerika n\u00e4r hon vid 75 \u00e5rs \u00e5lder reste f\u00f6r att bes\u00f6ka Kally och Charles som hade emigrerat.<\/p>\n<p style=\"font-weight: 400;\">Johan Fredrik Johansen gifte sig med Ingeborg T\u00e5nevik och fick tre barn, Bredo, Svanhild och Karl.<\/p>\n<p style=\"font-weight: 400;\">\n<p style=\"font-weight: 400;\">Bredo i mitten p\u00e5 bilden f\u00f6ddes 1908, Svanhild f\u00f6ddes 1910 medan yngstebarnet Karl f\u00f6ddes \u00e5ret efter i 1911.<\/p>\n<p style=\"font-weight: 400;\">\n<p style=\"font-weight: 400;\">Bredo gifte sig med Asta Torbj\u00f6rnsen och fick en dotter, Grete f\u00f6dd i 1941.<\/p>\n<p style=\"font-weight: 400;\">\n<p style=\"font-weight: 400;\">Svanhild fick f\u00f6rst Inger i 1936 med Kristian Nilsen, sedan gifte hon sig med Johan Johansen S\u00f8rlibr\u00e5ten och fick Odvar i 1938, Berit i 1942 och Signe i 1945.<\/p>\n<p style=\"font-weight: 400;\">\n<p style=\"font-weight: 400;\">Karl gifte sig med Ella Gabrielsen och fick Solbj\u00f6rg Irene i 1938 och Ingerd Helen i 1944.<\/p>\n","protected":false},"excerpt":{"rendered":"<p>Seilmager Christiansen Michael Christian Christiansen f\u00f6ddes den 8 september 1824 i Larvik. F\u00f6r\u00e4ldrarna var Seilmager Abraham Christiansen och Inger Marie Christophersdatter fr\u00e5n Stavern. Senare kallade Michael Christian sig bara Christian, flyttade till Krager\u00f6 och blev Seilmager som sin far. Christian hade en yngre bror Peter Anthon Christiansen, som blev Seilmager i Sandefjord. Vi vet inte [&hellip;]<\/p>\n","protected":false},"author":2,"featured_media":0,"parent":0,"menu_order":0,"comment_status":"closed","ping_status":"closed","template":"","meta":{"_monsterinsights_skip_tracking":false,"_monsterinsights_sitenote_active":false,"_monsterinsights_sitenote_note":"","_monsterinsights_sitenote_category":0,"site-sidebar-layout":"default","site-content-layout":"","ast-site-content-layout":"default","site-content-style":"default","site-sidebar-style":"default","ast-global-header-display":"","ast-banner-title-visibility":"","ast-main-header-display":"","ast-hfb-above-header-display":"","ast-hfb-below-header-display":"","ast-hfb-mobile-header-display":"","site-post-title":"","ast-breadcrumbs-content":"","ast-featured-img":"","footer-sml-layout":"","ast-disable-related-posts":"","theme-transparent-header-meta":"default","adv-header-id-meta":"","stick-header-meta":"","header-above-stick-meta":"","header-main-stick-meta":"","header-below-stick-meta":"","astra-migrate-meta-layouts":"set","ast-page-background-enabled":"default","ast-page-background-meta":{"desktop":{"background-color":"var(--ast-global-color-4)","background-image":"","background-repeat":"repeat","background-position":"center center","background-size":"auto","background-attachment":"scroll","background-type":"","background-media":"","overlay-type":"","overlay-color":"","overlay-opacity":"","overlay-gradient":""},"tablet":{"background-color":"","background-image":"","background-repeat":"repeat","background-position":"center center","background-size":"auto","background-attachment":"scroll","background-type":"","background-media":"","overlay-type":"","overlay-color":"","overlay-opacity":"","overlay-gradient":""},"mobile":{"background-color":"","background-image":"","background-repeat":"repeat","background-position":"center center","background-size":"auto","background-attachment":"scroll","background-type":"","background-media":"","overlay-type":"","overlay-color":"","overlay-opacity":"","overlay-gradient":""}},"ast-content-background-meta":{"desktop":{"background-color":"var(--ast-global-color-5)","background-image":"","background-repeat":"repeat","background-position":"center center","background-size":"auto","background-attachment":"scroll","background-type":"","background-media":"","overlay-type":"","overlay-color":"","overlay-opacity":"","overlay-gradient":""},"tablet":{"background-color":"var(--ast-global-color-5)","background-image":"","background-repeat":"repeat","background-position":"center center","background-size":"auto","background-attachment":"scroll","background-type":"","background-media":"","overlay-type":"","overlay-color":"","overlay-opacity":"","overlay-gradient":""},"mobile":{"background-color":"var(--ast-global-color-5)","background-image":"","background-repeat":"repeat","background-position":"center center","background-size":"auto","background-attachment":"scroll","background-type":"","background-media":"","overlay-type":"","overlay-color":"","overlay-opacity":"","overlay-gradient":""}},"footnotes":""},"class_list":["post-1809","page","type-page","status-publish","hentry"],"aioseo_notices":[],"_links":{"self":[{"href":"https:\/\/talab.se\/index.php?rest_route=\/wp\/v2\/pages\/1809","targetHints":{"allow":["GET"]}}],"collection":[{"href":"https:\/\/talab.se\/index.php?rest_route=\/wp\/v2\/pages"}],"about":[{"href":"https:\/\/talab.se\/index.php?rest_route=\/wp\/v2\/types\/page"}],"author":[{"embeddable":true,"href":"https:\/\/talab.se\/index.php?rest_route=\/wp\/v2\/users\/2"}],"replies":[{"embeddable":true,"href":"https:\/\/talab.se\/index.php?rest_route=%2Fwp%2Fv2%2Fcomments&post=1809"}],"version-history":[{"count":2,"href":"https:\/\/talab.se\/index.php?rest_route=\/wp\/v2\/pages\/1809\/revisions"}],"predecessor-version":[{"id":1813,"href":"https:\/\/talab.se\/index.php?rest_route=\/wp\/v2\/pages\/1809\/revisions\/1813"}],"wp:attachment":[{"href":"https:\/\/talab.se\/index.php?rest_route=%2Fwp%2Fv2%2Fmedia&parent=1809"}],"curies":[{"name":"wp","href":"https:\/\/api.w.org\/{rel}","templated":true}]}}